29 - -42. What is the tens digit of d?
1
Let g be -72 + (-4 - 2*-1). Let f = -116 - g. Let a = -29 - f. What is the units digit of a?
3
Let b be (10/8)/(2/24). What is the units digit of (9/(-2))/(b/(-40))?
2
Suppose 0 = -33*q + 31*q + 34. What is the units digit of q?
7
Let p be -10 + 8 - (4 + 0). What is the tens digit of (0 - -11)*p/(-3)?
2
Let p(g) be the first derivative of -g**4/4 + 3*g**3 + g**2/2 - 3*g + 5. What is the units digit of p(9)?
6
Let k(s) = -8 + 4 + 2*s**2 - s**2 - s. Let f be k(-3). What is the units digit of 4/f + (-11)/(-2)?
6
Let j be (-28)/(-6) + 4/(-6). Let b(m) = m**3 - 2*m**2 - 5*m - 1. What is the units digit of b(j)?
1
Let q(s) = -s - 5. Let h(c) = 6*c + 29. Let o(a) = 6*h(a) + 34*q(a). What is the tens digit of o(8)?
2
Suppose -4*s + 5*s - 252 = 0. What is the units digit of s?
2
Suppose 3*p + 2*x = 1, -x + 5 = 5*p - 2*p. Suppose -p*m + 3 - 4 = -4*d, -d + 4*m = 16. What is the units digit of d?
4
Let r(z) = -2*z**2 + 2*z + 66. What is the units digit of r(0)?
6
Let n = -24 - -90. What is the units digit of n?
6
Let o = 1 - -2. Suppose -12 = -0*k - 3*k, -2*b = o*k - 40. What is the tens digit of b?
1
Let b = -6 - -16. What is the units digit of b?
0
Let k = 5 - 3. Let t(f) = 3*f**2 - 1. What is the tens digit of t(k)?
1
Let d(y) be the third derivative of y**6/120 - y**5/30 + y**3/6 + 2*y**2. Let v be d(1). Suppose v = -2*c + 7*c - 30. What is the units digit of c?
6
Let k(w) = -2*w**3 - w**2. Let v be k(-1). Let c = -24 + 39. What is the tens digit of c*4/6*v?
1
Suppose 0 = -0*k - 4*k. Suppose -5*g + 3*w + 7 = k, -3*g - 4*w = -9*w - 1. What is the units digit of g/(-5) - 246/(-15)?
6
What is the units digit of (476/(-12))/(5/(-30))?
8
Suppose 3*p = 5*r + 108, 72 = 5*p - r - 86. What is the tens digit of p?
3
Suppose g - 5*g + 16 = 0. Suppose 52 = 2*s - 2*j, -3*s + j - g*j = -60. What is the tens digit of s?
2
Let d(o) = o**2. Let t(g) = -2*g**2 - 4*g - 3. Let k be 12/9 - 1/3. Let n(f) = k*t(f) + 4*d(f). What is the units digit of n(4)?
3
Suppose -3*n = 4*w - 874, -4*w + 10 = -6. What is the units digit of n?
6
Let v(o) = -o**3 + 12*o**2 - 25*o - 6. What is the units digit of v(7)?
4
Suppose 0 = -t + 5*s + 13, 0 + 5 = 2*t - 3*s. Let b be (3/6)/(t/(-48)). Let r = -7 + b. What is the units digit of r?
5
Suppose -i = 2, 0 = -3*a - a + 5*i + 722. What is the tens digit of a?
7
Let h = -24 + 9. Let v = 22 + h. Let w(m) = m**3 - 8*m**2 + 9*m - 9. What is the units digit of w(v)?
5
Suppose -3*b + 584 = b. What is the tens digit of b?
4
Let m(c) = 76*c - 31. What is the hundreds digit of m(5)?
3
Let m(q) = -q**2 + 6*q - 3. Let h be m(4). What is the units digit of 10*(-3 - (-17)/h)?
4
Suppose 2*t - p = -0*p + 3, 9 = -3*t - 3*p. Suppose 3*s - a - 4*a + 35 = t, -3*s - 5*a + 5 = 0. What is the units digit of (s - -3)*(-2)/4?
1
Let z = 4 + 25. What is the units digit of z?
9
What is the units digit of (12/(-5))/(4/(-30))?
8
Suppose 3*r - 431 = -2*c, 0 = -5*r - c + 1006 - 290. What is the tens digit of r?
4
Suppose -3*p = -7*p + 4. Suppose 4*d - a - 25 = 0, -4*a = -p + 21. What is the units digit of d?
5
Let o = -1 - -5. What is the units digit of 6 - o - (2 + -28)?
8
What is the tens digit of (-604)/(-2) - 4*2/(-4)?
0
Let b(p) = -p**3 + 5*p**2 - 3*p + 1. Let g be b(4). Let i(d) = -4 + 4*d - 5*d + 2*d. What is the units digit of i(g)?
1
Let r be 1*((2 - -1) + -2). Suppose -3*s - 4*u = 19, -7*s + 3*s + 4*u + 12 = 0. What is the units digit of -4*r*1*s?
4
Let k(i) = -13*i**2 + 8*i + 15. Let t(g) = -7*g**2 + 4*g + 8. Let r(b) = -6*k(b) + 11*t(b). Let f(w) = 2*w - 7. Let d be f(6). What is the units digit of r(d)?
3
Suppose 6*n - 952 = -76. What is the units digit of n?
6
Suppose 0 = 2*t + 2*t - 8. What is the units digit of t/2 - (-15 - -2)?
4
Let s = 2 + 0. What is the units digit of s/4 + (-185)/(-10)?
9
Suppose h - 15 = -6. Let r(w) = w - 3. What is the units digit of r(h)?
6
Suppose 0 = -4*s + 21 + 27. Let m = s - -5. What is the units digit of m?
7
Suppose -3*m - 3*n - n - 25 = 0, 5*m + 35 = -5*n. Let j = 0 - m. Suppose -j*p + 7 + 20 = 0. What is the units digit of p?
9
What is the tens digit of (2 - 0)/((-92)/31 - -3)?
6
Let y(r) = -3*r**2 - 18*r + 6. What is the units digit of y(-6)?
6
Suppose 5*d - 162 = 2*s, -5*d + d = s - 127. Let c = d - 20. What is the tens digit of c?
1
Suppose -37 = -r + 127. What is the units digit of r?
4
Suppose -x = 5*u + 4*x - 75, 2*u = -3*x + 28. What is the tens digit of u?
1
Suppose -4*m + 447 = -u, 0*m - 5*m + 4*u = -556. What is the units digit of m?
2
Suppose m - 1 - 2 = 0. Suppose 2*w - 92 = -m*a, 5*w + 17 = -a + 52. Let t = a + -18. What is the tens digit of t?
1
Suppose 0*c + 4*c = 60. What is the tens digit of c?
1
What is the tens digit of 3/(-4) - (-2094)/8?
6
Let b(m) = -20*m + 1. Suppose -3*g - 9 = 3*y, -5*g - 2*y + 1 = -5*y. What is the units digit of b(g)?
1
Let c = -4 - -120. Suppose -3*t + t - 5*a = -34, -5*t + c = -3*a. Suppose -4*p + t = 6. What is the units digit of p?
4
What is the hundreds digit of (-2)/16 + (4245/40 - -4)?
1
Let m(k) = 2*k + 1. What is the units digit of m(12)?
5
Suppose -9*m - 2*m = -913. What is the units digit of m?
3
Let n(m) be the second derivative of 7*m**4/12 - 4*m. Let t be -2 + 1/1*1. What is the units digit of n(t)?
7
Let s be (-4)/(-4)*(2 - 1). Suppose 0 = g - f - s - 11, -3*g = -5*f - 28. What is the tens digit of g?
1
Suppose -p - 12 = -4*p. What is the units digit of p?
4
What is the tens digit of 1/4 - 141/(-12)?
1
Let b(r) = 10*r + 24. What is the units digit of b(15)?
4
Suppose 54 = 5*k + 14. What is the units digit of k?
8
Suppose -5*f - 4 = -34. Suppose -f*u = -2*u - 20. What is the units digit of 2/(-5) + 27/u?
5
Let p = 149 + -62. What is the units digit of p?
7
Suppose -5*i + k + 15 = 0, 3*i - 4 - 7 = k. Suppose 3*j - 9 = 3. Suppose -j*n = -i*n - 34. What is the units digit of n?
7
Let d be -37*(3 + -6)/3. Suppose d + 33 = 5*l. What is the tens digit of l?
1
Let t be 6*(0 + 2/3). Suppose 0 = t*r - 38 - 34. What is the tens digit of r?
1
Let b(q) = 2*q**2 + 2*q - 1. Let y = -2 - 1. What is the units digit of b(y)?
1
Let z = -1 - -7. Suppose 0 = -x - s + z + 9, -3*x + 51 = -3*s. What is the tens digit of x?
1
Let b be ((-6)/(-9))/(6/27). What is the units digit of (6/(-2))/b*-3?
3
Let p = 2 + 4. Let y = -15 + p. What is the units digit of ((-3)/2)/(y/48)?
8
Let v be (10 + -1)*77/(-33). Let r = 22 + v. What is the units digit of r?
1
What is the units digit of 4/(-26) - (-939)/(-78)*-4?
8
Let o(w) = -45*w**3 - 5*w**2 - 11*w + 9. Let s(c) = 22*c**3 + 2*c**2 + 5*c - 4. Let p(m) = 4*o(m) + 9*s(m). What is the units digit of p(1)?
7
Let g be 1 - (24*2)/(-4). Let o = g - -14. What is the tens digit of o?
2
Suppose -3*d = -0*f - 4*f + 85, 71 = 3*f + 5*d. Let n = -16 + f. Suppose -3*h - n = -4*j + j, 3*h = -4*j + 15. What is the units digit of j?
3
Let g(t) = 2*t**3 - 3*t**3 - 3*t**2 + 5*t**3 - 3*t - 3 - 3*t**3. What is the units digit of g(4)?
1
Let z(u) = u**2 - 20*u - 10. Let h(d) = d**2 - 19*d - 9. Let p(l) = -6*h(l) + 5*z(l). What is the tens digit of p(9)?
4
What is the tens digit of (1 - 4/10) + 364/10?
3
Suppose 0 + 4 = 2*g. Suppose 3*y - g*c - 12 = c, -3*y - c = -24. What is the units digit of y?
7
Let v(l) = -l**3 - 2*l**2 + 5*l + 1. What is the units digit of v(-4)?
3
Suppose -3*x - 4*d = -55, -4*x + 0*d + 3*d + 40 = 0. What is the tens digit of x?
1
Let r(p) = -p**2 - 9*p - 10. Let b be r(-7). Suppose -b*g - 25 = 7. What is the units digit of -1*(g + 0) + -2?
6
Let o be -2 + (-1 - 19)/2. Let l be 1/2 - o/8. Suppose 4*j = l*j + 6. What is the units digit of j?
3
Let a(o) = -o**3 + o**2 - 3*o + 1. Let w be a(2). Let s = w + 38. What is the tens digit of s?
2
Suppose -4*h + 2*h = -12. Suppose 4*w + 2*v = v + 11, -2*w = -5*v - 11. Suppose 5*f - 4 = w*l + h, -l = -5. What is the units digit of f?
5
Let c(z) = 2*z - 4. Let s be c(7). Suppose q + 0*q = s. What is the units digit of q?
0
Suppose 5*k + z - 20 = -0*z, -4*z = -4*k + 40. Let m = 4 - k. What is the tens digit of m/4 + (-41)/(-4)?
1
Suppose 2*j = 3*s + 4, -4*j = 3*s - 0*s - 26. Suppose 0 = -0*c + 3*c + 3*b - 21, -4*b = -s*c + 20. What is the units digit of c?
8
What is the units digit of (-501)/(-33) + 4/(-22)?
5
Let i be (-3 - (-20)/12)*18. Let m = i - -25. What is the u